{"id":157,"date":"2023-02-18T22:41:03","date_gmt":"2023-02-18T22:41:03","guid":{"rendered":"http:\/\/consultingtotalcr.com\/?page_id=157"},"modified":"2023-03-12T03:24:10","modified_gmt":"2023-03-12T03:24:10","slug":"diseno-grafico","status":"publish","type":"page","link":"https:\/\/consultingtotalcr.com\/?page_id=157","title":{"rendered":"Dise\u00f1o Gr\u00e1fico"},"content":{"rendered":"<body>\n\n\n<h1>Dise\u00f1o Grafico<\/h1>\n\n\n\n<p><strong>Dise\u00f1o gr\u00e1fico<\/strong> debe ser de suma importancia para tu empresa , no despertar\u00e1 en sus clientes seguridad y confianza, por lo que estos no invertir\u00e1n ni har\u00e1n negocios. En estos d\u00edas veloces, la primera impresi\u00f3n es lo que cuenta.<\/p>\n\n\n<p>En <strong>ConsultingTotal  <\/strong>contamos con todas las herramientas gr\u00e1ficas y de asesor\u00eda para darle a tu empresa la im\u00e1gen m\u00e1s profesional que necesites. Tus clientes confiar\u00e1n en tu propuesta y en todo el material impreso y gr\u00e1fico que le entregues.<\/p>\n\n\n\n\n\nTodo lo relativo a una identidad gr\u00e1fica impecable.\n\n\nPonemos todos tus productos en un libro para que tus clientes tengan de donde escoger.\n\n\n\n\nUn logotipo es la semilla en donde crecer\u00e1n todos los elementos de tu identidad con el cliente.\u00a0\n\n\nTrabajamos en grandes elementos de productos para ti, a escala corporativa.\n\n\n\n\n\n\n\n\n\n\n\n\n\n\n\n\n\n<\/body>","protected":false},"excerpt":{"rendered":"","protected":false},"author":1,"featured_media":0,"parent":0,"menu_order":0,"comment_status":"closed","ping_status":"closed","template":"","meta":{"om_disable_all_campaigns":false,"pagelayer_contact_templates":[],"_pagelayer_content":"","_monsterinsights_skip_tracking":false,"_monsterinsights_sitenote_active":false,"_monsterinsights_sitenote_note":"","_monsterinsights_sitenote_category":0,"_joinchat":[],"footnotes":""},"class_list":["post-157","page","type-page","status-publish","hentry"],"aioseo_notices":[],"jetpack_sharing_enabled":true,"_links":{"self":[{"href":"https:\/\/consultingtotalcr.com\/index.php?rest_route=\/wp\/v2\/pages\/157","targetHints":{"allow":["GET"]}}],"collection":[{"href":"https:\/\/consultingtotalcr.com\/index.php?rest_route=\/wp\/v2\/pages"}],"about":[{"href":"https:\/\/consultingtotalcr.com\/index.php?rest_route=\/wp\/v2\/types\/page"}],"author":[{"embeddable":true,"href":"https:\/\/consultingtotalcr.com\/index.php?rest_route=\/wp\/v2\/users\/1"}],"replies":[{"embeddable":true,"href":"https:\/\/consultingtotalcr.com\/index.php?rest_route=%2Fwp%2Fv2%2Fcomments&post=157"}],"version-history":[{"count":5,"href":"https:\/\/consultingtotalcr.com\/index.php?rest_route=\/wp\/v2\/pages\/157\/revisions"}],"predecessor-version":[{"id":507,"href":"https:\/\/consultingtotalcr.com\/index.php?rest_route=\/wp\/v2\/pages\/157\/revisions\/507"}],"wp:attachment":[{"href":"https:\/\/consultingtotalcr.com\/index.php?rest_route=%2Fwp%2Fv2%2Fmedia&parent=157"}],"curies":[{"name":"wp","href":"https:\/\/api.w.org\/{rel}","templated":true}]}}