{"id":194,"date":"2023-02-18T23:09:49","date_gmt":"2023-02-18T23:09:49","guid":{"rendered":"http:\/\/consultingtotalcr.com\/?page_id=194"},"modified":"2023-02-21T01:33:23","modified_gmt":"2023-02-21T01:33:23","slug":"soporte-tecnico-en-costa-rica","status":"publish","type":"page","link":"https:\/\/consultingtotalcr.com\/?page_id=194","title":{"rendered":"Soporte T\u00e9cnico En Costa Rica"},"content":{"rendered":"<body>\n\n\n\n\n<h2>Soporte T\u00e9cnico<\/h2>\n\n<p><span style=\"font-weight: 700;\">Soporte T\u00e9cnico<\/span>\u00a0en Costa Rica, una empresa sin el hardware adecuado no puede funcionar ni r\u00e1pido ni efectivamente. L<span style=\"font-weight: 700;\">a importancia del apoyo T\u00e9cnico inmediato y efectivo para empresas es vital<\/span>. Olv\u00eddese de perder d\u00edas de producci\u00f3n por una falla t\u00e9cnica en equipos, ya que estamos preparados para arreglar equipos de computaci\u00f3n en pocas horas.<br><\/p>\n<h3>Adem\u00e1s, como expertos le ofrecemos:<\/h3>\n<ul><li><span style=\"font-weight: 700;\">Venta de disco Duros, Memorias, teclados y mouses<\/span><\/li><li><span style=\"font-weight: 700;\">Reinstalaci\u00f3n de sistema operativo y aplicaciones<\/span><\/li><li><span style=\"font-weight: 700;\">Cambio de fuentes de poder en s\u00f3lo minutos<\/span><\/li><li><span style=\"font-weight: 700;\">Upgrade de memoria y disco duro<\/span><\/li><li><span style=\"font-weight: 700;\">Limpieza de virus y troyanos<\/span><\/li><li><span style=\"font-weight: 700;\">Respaldo y recuperaci\u00f3n de informaci\u00f3n<\/span><\/li><li><span style=\"font-weight: 700;\">Atenci\u00f3n a regiones retiro y despacho de equipos<\/span><\/li><li><span style=\"font-weight: 700;\">Soporte T\u00e9cnico en Configuraci\u00f3n de router \/ Wifi \/ antivirus \/Mantenciones<\/span><\/li><li><span style=\"font-weight: 700;\">Contratos de mantenci\u00f3n con empresas<\/span><\/li><\/ul>\n\n\n\n\n<\/body>","protected":false},"excerpt":{"rendered":"","protected":false},"author":1,"featured_media":0,"parent":0,"menu_order":0,"comment_status":"closed","ping_status":"closed","template":"","meta":{"om_disable_all_campaigns":false,"pagelayer_contact_templates":[],"_pagelayer_content":"","_monsterinsights_skip_tracking":false,"_monsterinsights_sitenote_active":false,"_monsterinsights_sitenote_note":"","_monsterinsights_sitenote_category":0,"_joinchat":[],"footnotes":""},"class_list":["post-194","page","type-page","status-publish","hentry"],"aioseo_notices":[],"jetpack_sharing_enabled":true,"_links":{"self":[{"href":"https:\/\/consultingtotalcr.com\/index.php?rest_route=\/wp\/v2\/pages\/194","targetHints":{"allow":["GET"]}}],"collection":[{"href":"https:\/\/consultingtotalcr.com\/index.php?rest_route=\/wp\/v2\/pages"}],"about":[{"href":"https:\/\/consultingtotalcr.com\/index.php?rest_route=\/wp\/v2\/types\/page"}],"author":[{"embeddable":true,"href":"https:\/\/consultingtotalcr.com\/index.php?rest_route=\/wp\/v2\/users\/1"}],"replies":[{"embeddable":true,"href":"https:\/\/consultingtotalcr.com\/index.php?rest_route=%2Fwp%2Fv2%2Fcomments&post=194"}],"version-history":[{"count":3,"href":"https:\/\/consultingtotalcr.com\/index.php?rest_route=\/wp\/v2\/pages\/194\/revisions"}],"predecessor-version":[{"id":313,"href":"https:\/\/consultingtotalcr.com\/index.php?rest_route=\/wp\/v2\/pages\/194\/revisions\/313"}],"wp:attachment":[{"href":"https:\/\/consultingtotalcr.com\/index.php?rest_route=%2Fwp%2Fv2%2Fmedia&parent=194"}],"curies":[{"name":"wp","href":"https:\/\/api.w.org\/{rel}","templated":true}]}}