{"id":200,"date":"2023-02-20T11:56:55","date_gmt":"2023-02-20T11:56:55","guid":{"rendered":"http:\/\/consultingtotalcr.com\/?page_id=200"},"modified":"2023-03-12T01:22:40","modified_gmt":"2023-03-12T01:22:40","slug":"servicios-outsourcing","status":"publish","type":"page","link":"https:\/\/consultingtotalcr.com\/?page_id=200","title":{"rendered":"Servicios Outsourcing"},"content":{"rendered":"<body>\n\n\n\n\n\n\n\n<h2 style=\"color: rgb(0, 0, 0);\">Servicios Outsourcing<\/h2>\n<p>Somos los especialistas en los\u00a0<span style=\"font-weight: bolder;\">servicios outsourcing<\/span>\u00a0en Costa Rica.\u00a0<br><\/p>\n\n<p>Manejamos una amplia variedad de servicios para facilitar la selecci\u00f3n, contrataci\u00f3n y el desarrollo de las actividades secundarias en su empresa, pero siempre manteniendo la calidad y la eficiencia de este personal.<br><\/p>\n\n<p>Nuestros servicios son \u00fatiles para usted y su compa\u00f1\u00eda, ya que al contratarnos para realizar tareas b\u00e1sicas que necesite realizar en su d\u00eda a d\u00eda, nosotros ayudamos a ahorrar dinero y recursos, que asumiremos nosotros, prest\u00e1ndole a cambio un servicio de calidad insuperable.<br><\/p>\n\n\n\n\n\n\n\n\n\n\n\n\n\n\n\n\n\n<\/body>","protected":false},"excerpt":{"rendered":"","protected":false},"author":1,"featured_media":0,"parent":0,"menu_order":0,"comment_status":"closed","ping_status":"closed","template":"","meta":{"om_disable_all_campaigns":false,"pagelayer_contact_templates":[],"_pagelayer_content":"","_monsterinsights_skip_tracking":false,"_monsterinsights_sitenote_active":false,"_monsterinsights_sitenote_note":"","_monsterinsights_sitenote_category":0,"_joinchat":[],"footnotes":""},"class_list":["post-200","page","type-page","status-publish","hentry"],"aioseo_notices":[],"jetpack_sharing_enabled":true,"_links":{"self":[{"href":"https:\/\/consultingtotalcr.com\/index.php?rest_route=\/wp\/v2\/pages\/200","targetHints":{"allow":["GET"]}}],"collection":[{"href":"https:\/\/consultingtotalcr.com\/index.php?rest_route=\/wp\/v2\/pages"}],"about":[{"href":"https:\/\/consultingtotalcr.com\/index.php?rest_route=\/wp\/v2\/types\/page"}],"author":[{"embeddable":true,"href":"https:\/\/consultingtotalcr.com\/index.php?rest_route=\/wp\/v2\/users\/1"}],"replies":[{"embeddable":true,"href":"https:\/\/consultingtotalcr.com\/index.php?rest_route=%2Fwp%2Fv2%2Fcomments&post=200"}],"version-history":[{"count":6,"href":"https:\/\/consultingtotalcr.com\/index.php?rest_route=\/wp\/v2\/pages\/200\/revisions"}],"predecessor-version":[{"id":490,"href":"https:\/\/consultingtotalcr.com\/index.php?rest_route=\/wp\/v2\/pages\/200\/revisions\/490"}],"wp:attachment":[{"href":"https:\/\/consultingtotalcr.com\/index.php?rest_route=%2Fwp%2Fv2%2Fmedia&parent=200"}],"curies":[{"name":"wp","href":"https:\/\/api.w.org\/{rel}","templated":true}]}}