{"id":210,"date":"2023-02-20T12:08:09","date_gmt":"2023-02-20T12:08:09","guid":{"rendered":"http:\/\/consultingtotalcr.com\/?page_id=210"},"modified":"2023-03-06T13:36:26","modified_gmt":"2023-03-06T13:36:26","slug":"reclutamiento","status":"publish","type":"page","link":"https:\/\/consultingtotalcr.com\/?page_id=210","title":{"rendered":"Reclutamiento"},"content":{"rendered":"<body>\n\n\n\n\n<h2 style=\"color: rgb(0, 0, 0);\">Reclutamiento<\/h2>\n\n\n\n\n\n<p><span style=\"font-weight: 700;\">Reclutamiento<\/span>, si deseas ser tomado en cuenta por nuestra compa\u00f1\u00eda en San Jos\u00e9 de Costa Rica, llena el siguiente formulario.<\/p><p>Te atenderemos con la mejor\u00a0atenci\u00f3n<\/p>\n[forminator_form id=\u201d380\u2033]\n\n\n\n\n\n\n<\/body>","protected":false},"excerpt":{"rendered":"","protected":false},"author":1,"featured_media":0,"parent":0,"menu_order":0,"comment_status":"closed","ping_status":"closed","template":"","meta":{"om_disable_all_campaigns":false,"pagelayer_contact_templates":[],"_pagelayer_content":"","_monsterinsights_skip_tracking":false,"_monsterinsights_sitenote_active":false,"_monsterinsights_sitenote_note":"","_monsterinsights_sitenote_category":0,"_joinchat":[],"footnotes":""},"class_list":["post-210","page","type-page","status-publish","hentry"],"aioseo_notices":[],"jetpack_sharing_enabled":true,"_links":{"self":[{"href":"https:\/\/consultingtotalcr.com\/index.php?rest_route=\/wp\/v2\/pages\/210","targetHints":{"allow":["GET"]}}],"collection":[{"href":"https:\/\/consultingtotalcr.com\/index.php?rest_route=\/wp\/v2\/pages"}],"about":[{"href":"https:\/\/consultingtotalcr.com\/index.php?rest_route=\/wp\/v2\/types\/page"}],"author":[{"embeddable":true,"href":"https:\/\/consultingtotalcr.com\/index.php?rest_route=\/wp\/v2\/users\/1"}],"replies":[{"embeddable":true,"href":"https:\/\/consultingtotalcr.com\/index.php?rest_route=%2Fwp%2Fv2%2Fcomments&post=210"}],"version-history":[{"count":5,"href":"https:\/\/consultingtotalcr.com\/index.php?rest_route=\/wp\/v2\/pages\/210\/revisions"}],"predecessor-version":[{"id":396,"href":"https:\/\/consultingtotalcr.com\/index.php?rest_route=\/wp\/v2\/pages\/210\/revisions\/396"}],"wp:attachment":[{"href":"https:\/\/consultingtotalcr.com\/index.php?rest_route=%2Fwp%2Fv2%2Fmedia&parent=210"}],"curies":[{"name":"wp","href":"https:\/\/api.w.org\/{rel}","templated":true}]}}